s 1068859667 composite?
False
Is 51929803687 a composite number?
False
Is 42762037517 a prime number?
False
Is 93048337 composite?
True
Is 328563329 prime?
True
Is 1505335163 prime?
False
Is 407911333 prime?
True
Is 2882377171 prime?
False
Is 3293448497 prime?
True
Is 495411253 a composite number?
False
Is 22591449479 composite?
True
Is 18683447231 a prime number?
True
Is 15493508809 composite?
True
Is 148482275257 a prime number?
True
Is 169343309 a prime number?
True
Is 487792289 a composite number?
False
Is 137128645721 composite?
False
Is 2807650039 a prime number?
True
Is 2413761347 a composite number?
False
Is 9170354423 prime?
True
Is 102832926233 prime?
True
Is 413046769 a composite number?
False
Is 7133735969 prime?
True
Is 1380467069 a composite number?
False
Is 741849949 composite?
True
Is 905105659 a composite number?
True
Is 3780145865 a composite number?
True
Is 5384012831 a prime number?
False
Is 3537418723 a composite number?
False
Is 6691941121 a prime number?
True
Is 2738337529 prime?
False
Is 7783839211 a composite number?
True
Is 489710659 prime?
True
Is 803172163 composite?
True
Is 33071205757 composite?
False
Is 3499422398 prime?
False
Is 1647604667 a prime number?
False
Is 6150215651 a prime number?
False
Is 10276706257 a prime number?
False
Is 1152525821 a composite number?
False
Is 649415279 composite?
False
Is 38861859599 prime?
False
Is 26773456165 prime?
False
Is 5681522545 a composite number?
True
Is 107270129 a composite number?
False
Is 82136665829 prime?
False
Is 1720417003 prime?
True
Is 137806283 composite?
False
Is 7482129547 composite?
False
Is 4607766357 prime?
False
Is 409647317453 prime?
False
Is 4320149147 a composite number?
False
Is 1756281029 a composite number?
True
Is 2821857095 a composite number?
True
Is 119331295 composite?
True
Is 303753167 prime?
True
Is 869808367 a composite number?
True
Is 1721122427 prime?
True
Is 247084027 a prime number?
True
Is 62638958771 composite?
False
Is 40106865583 prime?
False
Is 18850656857 a prime number?
False
Is 19886532181 a prime number?
False
Is 5799083 prime?
True
Is 15212365269 a composite number?
True
Is 8603059994 composite?
True
Is 7455285091 prime?
True
Is 10359026987 a prime number?
True
Is 300722293 a composite number?
False
Is 253891159 composite?
False
Is 18675502033 composite?
False
Is 13597845869 composite?
False
Is 50815209409 composite?
False
Is 1464714283 prime?
True
Is 3698195353 a composite number?
False
Is 9158729009 composite?
True
Is 15173772659 a prime number?
True
Is 6794121209 prime?
True
Is 14912370667 a composite number?
False
Is 70912043233 a composite number?
True
Is 1813440149 prime?
False
Is 5241598493 a prime number?
True
Is 1101253646 composite?
True
Is 2284199147 prime?
True
Is 4215158747 composite?
False
Is 18152639779 a prime number?
True
Is 104825174627 a composite number?
True
Is 2862270545 a composite number?
True
Is 898635377 a prime number?
True
Is 2306083771 a prime number?
False
Is 97198863249 a prime number?
False
Is 145890721381 a composite number?
False
Is 24333278441 a composite number?
False
Is 101875339 prime?
False
Is 7674608131 prime?
False
Is 52093935181 a composite number?
False
Is 7441224563 prime?
False
Is 145100903 a composite number?
False
Is 90754409269 a composite number?
False
Is 10129720171 a composite number?
True
Is 159461481 prime?
False
Is 22138236611 prime?
False
Is 19136055065 a composite number?
True
Is 56285059429 prime?
True
Is 9919544809 a prime number?
True
Is 26131716841 prime?
True
Is 2286599723 a composite number?
True
Is 2499603971 a prime number?
False
Is 9755895557 a composite number?
False
Is 173796343 a composite number?
True
Is 2840675363 composite?
False
Is 61909548863 prime?
True
Is 160233343 a prime number?
True
Is 9392574973 prime?
False
Is 1365433673 prime?
True
Is 96653090899 a composite number?
False
Is 58267384729 composite?
False
Is 84246751 a composite number?
False
Is 364937819 a prime number?
True
Is 79982018 composite?
True
Is 26363018863 a prime number?
False
Is 4386159293 composite?
True
Is 26408584297 prime?
False
Is 49121296957 prime?
False
Is 14771203723 a composite number?
True
Is 7156143427 a prime number?
True
Is 468359989 prime?
True
Is 110942633 a prime number?
True
Is 1224347447 a composite number?
False
Is 7333970239 a prime number?
True
Is 18513540197 prime?
True
Is 4932056057 prime?
False
Is 1011130529 a prime number?
True
Is 2744611 a composite number?
False
Is 250867819 a composite number?
True
Is 4160873485 composite?
True
Is 137413217 composite?
False
Is 86739409 a composite number?
True
Is 4065004309 a prime number?
True
Is 64195834517 a composite number?
True
Is 763480271 prime?
True
Is 209853979 a prime number?
True
Is 36153130547 composite?
False
Is 12376798585 composite?
True
Is 2511633151 a prime number?
False
Is 125410673 prime?
True
Is 6856438723 composite?
False
Is 62145162857 composite?
True
Is 17935107193 prime?
True
Is 1554160821 a prime number?
False
Is 9556457291 a composite number?
False
Is 2421725381 a composite number?
False
Is 264203869 a prime number?
False
Is 651054499 prime?
True
Is 9381523363 a prime number?
False
Is 1004107603 composite?
False
Is 325705367 prime?
False
Is 71252991211 prime?
True
Is 21561571 a composite number?
False
Is 976196741 composite?
True
Is 42225343 a composite number?
True
Is 9582603097 a composite number?
True
Is 2804674363 composite?
False
Is 149101261745 composite?
True
Is 1807391767 composite?
False
Is 762656891 prime?
False
Is 149024413 a prime number?
False
Is 45502552769 a composite number?
True
Is 5285810314 composite?
True
Is 1647309421 composite?
True
Is 19865412079 a composite number?
True
Is 133467133 a prime number?
True
Is 107696825021 composite?
False
Is 24500470571 a prime number?
True
Is 1580211289 composite?
False
Is 3103819139 composite?
True
Is 5477677231 a composite number?
True
Is 181609877 prime?
True
Is 5560062811 composite?
True
Is 222752615389 prime?
False
Is 1011986491 prime?
False
Is 1154062354 composite?
True
Is 3588002057 a prime number?
True
Is 1087806101 composite?
False
Is 862001599 a composite number?
True
Is 51388991 a composite number?
True
Is 8780839043 composite?
False
Is 894912659 prime?
False
Is 1644486061 composite?
True
Is 1463232691 a prime number?
True
Is 1177306033 a prime number?
False
Is 26348652917 a prime number?
False
Is 22231635991 a composite number?
False
Is 73875390443 a composite number?
False
Is 5336663183 a composite number?
True
Is 1606814809 prime?
True
Is 403796839 composite?
True
Is 1356567619 a prime number?
False
Is 3560882289 a composite number?
True
Is 439094177 composite?
False
Is 8700144107 prime?
True
Is 16999087811 prime?
True
Is 1378231171 composite?
False
Is 1892983111 composite?
False
Is 1214376477 a composite number?
True
Is 481974329 a prime number?
False
Is 3281647331 a prime number?
True
Is 128199182 a prime number?
False
Is 6912001069 a prime number?
False
Is 31212661 composite?
False
Is 201687967 a composite number?
True
Is 61808839663 prime?
False
Is 28795531 composite?
False
Is 21763173113 prime?
False
Is 6793307306 composite?
True
Is 492859069 prime?
False
Is 982533157 a prime number?
True
Is 4150077367 a prime number?
True
Is 601579831 a composite number?
True
Is 20377432403 composite?
False
Is 197471929 a composite number?
False
Is 18280754642 prime?
False
Is 14667850423 composite?
True
Is 5497666627 prime?
False
Is 4863726827 prime?
False
Is 8384779913 a composite number?
False
Is 577864013 composite?
True
Is 80217287 a prime number?
True
Is 16680148363 a prime number?
True
Is 222337441 prime?
False
Is 958712687 prime?
False
Is 17946018683 prime?
False
Is 77547563 a composite number?
False
Is 172069478641 a composite number?
False
Is 10861675361 a prime number?
False
Is 66818221 composite?
True
Is 1785273331 prime?
False
Is 1635242693 a prime number?
False
Is 50630519 a prime number?
False
Is 6988028783 composite?
True
Is 7076179273 a prime number?
True
Is 13663710461 a prime number?
False
Is 2740161169 prime?
False
Is 11605055819 a prime number?
False
Is 950167703 prime?
True
Is 1158081403 a prime number?
True
Is 11577851 a prime number?
True
Is 1454260781 composite?
False
Is 31272545597 a composite number?
False
I